t of i(x)?
8
Let d = 25 - 16. What is the units digit of (d/2)/(3/52)?
8
Suppose 5*g - 5 = 0, 0 = -2*d + 4*g - 30 - 32. Let l = d - -42. Let c = 14 - l. What is the units digit of c?
1
Suppose -100*t = -269*t + 845338. What is the hundreds digit of t?
0
Suppose -5*i - 27 + 27 = 0. Let j = 186 + i. What is the units digit of j?
6
Let y be (-7)/3 - (-2)/6. Let s(g) be the second derivative of -7*g**5/20 + g**4/12 - g**2 - 15*g. What is the units digit of s(y)?
8
Let h(u) = -u**3 - 11*u**2 + 13*u + 12. Let d be h(-12). Suppose d = -5*k + 4*k + 3. Suppose 9 = -k*m + 129. What is the units digit of m?
0
Suppose -l - 4*l + 47 = 2*q, 2*q - 41 = -3*l. Let k = q + -15. What is the units digit of -2*(-3*2 - k)?
4
Suppose 199*t - 202*t = -1413. What is the hundreds digit of t?
4
What is the hundreds digit of -1*(-6)/(-8)*(-1332 - 36)?
0
Let f be (-1 - (-3)/12*2)*-6. What is the hundreds digit of f*(390/9 + 3)?
1
Let h(j) = 1 + 8 + 2*j + j + 0*j + j**2. What is the tens digit of h(-6)?
2
Suppose 0 = -17*y - 25 + 93. Suppose 2*q + 192 = y*i, 0 = -4*i - 0*i + 4*q + 188. What is the tens digit of i?
4
Let v(c) = -c**3 - 5*c**2 - 4*c - 3. Let a be v(-5). Let z(r) = -26*r - 29. Let y be z(-1). Let p = y + a. What is the units digit of p?
4
Let z(j) = 3*j**2 - 12*j - 7. Let i be z(13). Suppose 5*n - i = -54. Let d = n + -26. What is the tens digit of d?
3
Let n be 396/16*(5 + 3). Let z = n + -21. What is the tens digit of z?
7
Let q be (2 - -1) + -7 + 8. Suppose -q + 14 = -2*a. Let x(f) = -2*f + 4. What is the tens digit of x(a)?
1
Suppose 0 = 2*z + 2*z - 3132. Suppose z = 6*f - 15. What is the hundreds digit of f?
1
Suppose 0 = -2*i + 2, -2*f - f + 4 = -5*i. Suppose -f*z + 5 = 2*z. What is the tens digit of (1 - -11) + (3 - z)?
1
Let a = 174 - 384. Let r = 318 + a. What is the units digit of r?
8
Suppose 13*x - 408 = -v + 11*x, -4*v + 2*x = -1612. What is the units digit of v?
4
Let j be (0 + -2)/(3/(-87)). Let q = 12 + j. What is the units digit of q?
0
Let q be (2/(-6))/((-1)/66). Suppose -p = -q - 25. What is the units digit of p?
7
Suppose -103*d = -106*d - 2*h + 14, -4*d + 3*h + 47 = 0. What is the units digit of d?
8
Let j(x) = -x**2 + 7*x + 26. Suppose -g = -2, -2*g + 33 = 3*r + g. What is the units digit of j(r)?
8
Let j(s) = s**3 - 6*s**2 - 8*s - 8. Let u be 2/3*6*2. Let o be j(u). Suppose -4*n = 4*k - o, -2*k = 2*k + 4. What is the units digit of n?
5
Let f = 84 + -49. Let d = 16 + f. What is the tens digit of d?
5
Let k(h) = -7*h**3 - 3*h**2 - 3*h + 4. Suppose 2*m = -2*m - 12. What is the units digit of k(m)?
5
Suppose -2997 = -3*v - 6*v. What is the tens digit of v?
3
Let r be ((176/20)/(-1))/(3/15). Let f = r + 65. What is the tens digit of f?
2
Let i(b) = b**2 + 11*b - 11. What is the hundreds digit of i(21)?
6
Suppose -27862 + 73336 = 39*z. What is the units digit of z?
6
Suppose -1 - 1 = -j, 0 = 2*k - 4*j. Suppose -10 = -2*t - 2*a, t - k*t = 4*a - 18. Suppose -o + 3*n = -t*n - 39, 114 = 2*o - n. What is the units digit of o?
9
Suppose 47 = 3*a - 157. Suppose 5*m - 239 = -4*f, -3*m - 57 - a = -2*f. What is the tens digit of f?
6
Let z be (18/(-72))/(1/(-692)). Suppose -9 = 4*y - z. Let x = y - 17. What is the units digit of x?
4
Suppose -40 = -4*y + 5*k, -19 = -2*y - 4*k + 1. Let q = y + -6. Suppose 5*b = -w + 17 + 9, 4 = q*w - 5*b. What is the units digit of w?
6
Let g(t) be the second derivative of t**5/60 - t**4/12 + t**3/3 - 3*t**2 - t. Let r(x) be the first derivative of g(x). What is the units digit of r(4)?
0
Let p = -377 - -231. Let z = 256 + p. What is the tens digit of z?
1
Suppose 2*j + 109 = k, 3*j + 4*k + 292 = -2*j. Let r = j - -82. What is the tens digit of r?
2
Let d be ((-10)/(-45))/((-4)/(-36)). Suppose d*n - 4*w = 36, -3*n + 130 = 2*n - 2*w. What is the units digit of n?
8
Let p = 15 + -3. Let h be (9/p)/(1/120). Suppose 18 = k - 3*t + t, 5*k - h = -5*t. What is the units digit of k?
8
Let y be (-1)/2*(3 + -7). Suppose 0 = -f - 5*d + 17, 4 + 2 = -2*f - y*d. Let g(z) = -z + 8. What is the tens digit of g(f)?
1
Suppose 0 = 3*w - 36 - 84. Suppose w = 9*k - 4*k. What is the units digit of k?
8
Let k be (-3)/(-1 + 2) - -7. Let g be 8 + 2/k*2. What is the tens digit of (g/(-6))/((-9)/66)?
1
Let h(v) = v**2 - 5*v - 5. Suppose -24 = -0*z - 4*z. Let g be h(z). Suppose -2*m + g + 1 = 0. What is the units digit of m?
1
Let f(z) = -z**3 - 14*z**2 - 3*z - 30. Let j be f(-14). Let b = 32 + j. What is the units digit of b?
4
Let k be 3 - (3 - -4) - -181. Suppose -k + 531 = 3*y. What is the hundreds digit of y?
1
Let b = 24 - 45. Let c = 28 + b. Suppose -c*z = -10*z + 90. What is the units digit of z?
0
Let f = 3 - -24. Suppose -2*k = -f - 31. What is the units digit of k?
9
Suppose 0 = 4*k - j - 80, 3*j = -5*k + 57 + 26. What is the tens digit of k?
1
Suppose 0 = 3*m + 3*c - 1026, -2*m = -m - c - 332. What is the units digit of m?
7
Suppose 0*t + 2*t = 8. Suppose -t*z - 49 = -11*z. What is the tens digit of (-19)/(-2) + z/14?
1
Let l = -48 + 31. Let f = -15 - l. What is the units digit of f?
2
Let c = -8 - -12. Suppose -15 = c*b - b, 5*m - 260 = 2*b. Suppose -a = 4*a + 3*i - 93, -2*a + 2*i + m = 0. What is the tens digit of a?
2
Let q(j) be the second derivative of -25*j**3/6 + 3*j**2 - 16*j. What is the units digit of q(-5)?
1
Suppose 156 = 124*q - 118*q. What is the units digit of q?
6
Let x(j) = 6*j**3 + 7*j**2 + 5*j - 6. Let i be x(-5). What is the units digit of i/(-14) + 2/(-7)?
3
Suppose -66 - 353 = -t. What is the tens digit of t?
1
Let w(b) = b**3 + 10*b**2 - 10*b + 16. Let s be w(-11). Suppose 0 - s = -d. Suppose 3*y = d*y - 6. What is the units digit of y?
3
Let z(r) = r**3 + 6*r**2 - r - 6. Let c be z(-5). Suppose -c = -q - 3*q. Let u = q + 14. What is the tens digit of u?
2
Let l(j) = j**2 + 2*j + 3. Let u be l(-6). Let p = 13 - u. Let x = -10 - p. What is the units digit of x?
4
Let o(u) = -u + 5. Let j be o(-5). What is the tens digit of j/(-15)*(-81)/2?
2
Suppose 16*i - 5433 = 37047. What is the tens digit of i?
5
Suppose 0 = 4*t - n + 55, -2*t + 4*n - 9 - 29 = 0. Let w be -32 + -1 - (t + 12). Let o = -27 - w. What is the units digit of o?
5
Suppose 16 = l - 4*o - o, 2*l = -3*o + 32. What is the units digit of l/12 + 8/12?
2
Let g = -122 + 117. Let m(i) = -i - 30. Let o be m(0). What is the tens digit of (-2)/(o/(-171))*g?
5
Let z be (2/3)/((-4)/(-30)). Suppose 32 = r + 5*c, -96 = 3*r - 6*r - z*c. What is the tens digit of r?
3
Let v(k) be the first derivative of -7 + 3*k + 3/2*k**2 - 1/4*k**4 + 2*k**3. What is the units digit of v(5)?
3
Let n = 782 + -532. Suppose p - 85 = -3*c + c, 3*p + 5*c = n. Let t = -46 + p. What is the units digit of t?
9
What is the tens digit of (-5 - -1) + (4 - -1) + 406?
0
What is the units digit of 8 + -4 + (1 - -1 - -1758)?
4
Let a = -27 + 31. What is the tens digit of 86/(-4)*(-6 + a)?
4
Let c = -243 + 428. Let q = c - 107. What is the units digit of q?
8
Let a = 123 - 212. Let q = a + 263. What is the hundreds digit of q?
1
Let y(c) = -c**3 + 5*c**2 + 3. Let a be y(5). Let h be ((-4)/(-8))/(8/(-16)). What is the units digit of 1 - (-45 + a + h)?
4
Let w = -305 - -136. Let m = 357 + w. What is the hundreds digit of m?
1
What is the units digit of (8 + (-790)/(-20))*(-14)/(-5)?
3
Let f(b) = -2*b - 2. Let j be f(-3). Suppose -5*q + 26 + 418 = -j*u, -4*u - 76 = -q. What is the units digit of q?
2
Suppose 3*n = -4*k + 211, 0*n + 3*k = 4*n - 323. Suppose 37 - 303 = -3*j + b, -j + n = 2*b. What is the tens digit of j?
8
Suppose -64 = -3*k - 58. Suppose -k*v + 66 = v - 3*l, -v - 4*l + 22 = 0. What is the tens digit of v?
2
Suppose -2*p + 6*p - 13 = m, -12 = -5*p - 3*m. Suppose 364 = 5*c + b, -p*b = 2*c + b - 142. What is the units digit of c?
3
Let m = 0 - 30. Let p = 54 - m. What is the tens digit of p?
8
Suppose -3*t + 6 = 0, -2*t - 3*t + 70 = 5*i. Let d = i + 2. Suppose -d*f - 96 = -18*f. What is the tens digit of f?
2
Suppose 7*g - 141 = 153. Let s = -34 + g. What is the units digit of s?
8
Let y(b) = b**2 - 13*b + 2. Let p be y(13). Suppose -p*f = 5*k - 5*f - 221, -34 = -k + 4*f. What is the tens digit of k?
4
Let p = 1 - -2. Let r be 2 - (-1 - -1)/p. Suppose -4 = -r*n + 14. What is the units digit of n?
9
Let d = 8089 + -4681. What is the hundreds digit of d?
4
Suppose 5*z - 2*w = -0*z + 87